 479*j - 8, 0 = 4*j - 5*k - 60. Let h be 1*1*2*-29. Let g = h + 90. What is the remainder when g is divided by j?
2
Let c(y) = 13*y**2 - 155*y + 2077. Calculate the remainder when c(13) is divided by 252.
243
Suppose 0 = -0*a + 5*a + 30. Let o be 1/((-14)/(-4) + (-19)/6). What is the remainder when 99 is divided by (a/o)/((-12)/306)?
48
Let f(g) = -3*g**2 - 33*g + 35. Let p be f(-12). Calculate the remainder when -46*(7 + p + -7) is divided by 29.
17
Suppose 0 = -4*w - 12, 4*w - 220 + 10 = -3*g. Calculate the remainder when 195 is divided by g.
47
Let b be 168/(-140) + (-1122)/(-10). Let u = -96 + 175. Let q = b - u. Calculate the remainder when 92 is divided by q.
28
Suppose -94 = -3*x + 4*r, -6*x + 2*r + 32 = -5*x. Let l = -808 + 1015. What is the remainder when l is divided by x?
27
Suppose -5*a + 328 + 342 = 0. Let h = 223 - a. Calculate the remainder when h is divided by 45.
44
Calculate the remainder when 90 is divided by ((-6942)/(-52))/(1 + -1 - (-3)/2).
1
Suppose 0 = -2*c - 88 + 108. Suppose 784*y = 787*y - 126. Calculate the remainder when y is divided by c.
2
Let j = 116 - 130. Let g(z) = z**2 + 11*z - 32. Calculate the remainder when 48 is divided by g(j).
8
Let m = -2094 + 1221. Suppose z = 3*z - 5*d - 30, 2*d + 17 = z. Calculate the remainder when (4/3)/((-12)/m) is divided by z.
22
Let q = -103 + 114. Suppose 5*l = q*l - 78. Calculate the remainder when 112 is divided by l.
8
Calculate the remainder when 846 is divided by (-2230)/(-60) - (42/36 + -1).
32
Let d(v) = -v**3 + 15*v**2 + 20*v - 30. Let l = 287 + -273. Calculate the remainder when d(l) is divided by 28.
26
Let j(s) = 38*s + 11. Suppose 36 - 30 = -g. Let f be j(g). Let r = -142 - f. What is the remainder when r is divided by 26?
23
Suppose b + 146 = 5*i, 3*i - 4*b + 44 = 135. Calculate the remainder when 511 is divided by i.
18
Let i be ((48/(-8))/(-6))/((-2)/(-62)). Suppose -461 = -10*r - i. What is the remainder when 299 is divided by r?
41
Let n be (2 - 0)*(-40)/(-16) - 2. Suppose -n*k = 6, 2*h + k - 18 = -3*k. Suppose 13 = 3*s - 59. Calculate the remainder when s is divided by h.
11
Suppose 161*d - 21165 + 4551 = 19*d. What is the remainder when 1063 is divided by d?
10
Let l(v) = v**3 + 16*v**2 - 37*v - 198. What is the remainder when l(-5) is divided by 115?
32
Suppose -16 = 34*i - 42*i. Suppose -128 = -4*x + 2*s - 32, -x - 5*s = -i. What is the remainder when 99 is divided by x?
11
Calculate the remainder when (-18)/15*(-76 - -5)/((-6)/(-30)) is divided by 114.
84
Let i = -95 - -7. Let b = 120 + i. What is the remainder when 123 is divided by b?
27
Suppose 5*a - 434 = -99. Calculate the remainder when a is divided by 2/((-4)/(-2)) + (-336)/(-56).
4
Let r be 3 + (-102 - (-16)/4). Let d = 105 + r. Suppose 2*a + 5*g = 0, -6*g - d = -g. What is the remainder when 10 is divided by a?
0
Suppose 523*x = 63*x + 111320. Calculate the remainder when x is divided by 23.
12
Suppose 0 + 20 = 5*z. Suppose 0 = 2*d - z*p - 420, 430 = 2*d - 8*p + 9*p. Calculate the remainder when d is divided by 55.
49
Let h be 1 + (-10)/14 + (-240)/(-42). Calculate the remainder when 65 is divided by 5*(-6)/(h/(-5)).
15
Let t be (-41 - -118)/((-1)/2). What is the remainder when 85 is divided by t/(-6) + 30/(-18)?
13
Let g be (4/(-6) - 2)*12. Let v = g + 39. Suppose r = -4*r + 130. What is the remainder when r is divided by v?
5
Let s = 403 + -97. Let z = 332 - s. Calculate the remainder when 77 is divided by z.
25
What is the remainder when (-456280)/366*3/(-4) is divided by 8?
7
Let s(x) = 3*x**2 + 111*x + 306. What is the remainder when s(-35) is divided by 69?
27
Let c be (24/(-14) - -2) + 15666/49. Suppose 5*f + 5*k = 2*k + c, 5*k = -3*f + 176. Let j = -48 + f. What is the remainder when j is divided by 2?
1
Let u be (-2)/(-12) - ((-98)/(-12) - 8). Suppose 19*s + 8*s - 270 = u. What is the remainder when 28 is divided by s?
8
Let w = -25 + 30. Suppose -x - 2*z = -40, w = -45*z + 46*z. What is the remainder when 88 is divided by x?
28
Let m be (-38)/6 - 12/(-36). Let l(p) = -p**2 - 15*p - 6. Let o = 992 + -982. Calculate the remainder when l(m) is divided by o.
8
Calculate the remainder when 897 is divided by (-667)/(-46)*(-6 + 2 - -6).
27
Suppose -127 = d + 148. Let z = d - -425. Suppose 5*i + h - z = 0, -i - 30 = -2*i + 5*h. What is the remainder when 85 is divided by i?
25
Let r(t) = 2*t + 1. Let z(y) = 28*y + 72. Let o(f) = -4*r(f) + z(f). What is the remainder when 29 is divided by o(-3)?
5
Suppose -4*h - 4*y = -4, -25 = 2*h - 3*h + 5*y. Let f be 5/h - (-4 + 4). Calculate the remainder when 178 is divided by f + -1 + (-212 - 4)/(-6).
34
Let s = 213 - 25. Calculate the remainder when s is divided by ((-6726)/(-472))/(3/8).
36
Let i = 9187 + -7239. What is the remainder when i is divided by 25?
23
Let n = 1241 - 1197. Calculate the remainder when 326 is divided by n.
18
Let y(a) = -a**2 + 16*a - 2. Let i be y(16). Let h = 140 - 150. What is the remainder when (-36)/h*(-25)/i is divided by 12?
9
What is the remainder when 401 is divided by -4 - 1192/(-80) - (1/10)/(-1)?
5
What is the remainder when 4/(-1)*(97/(-2))/((-112)/(-168)) is divided by 89?
24
Let k(x) = 1186*x**2 - 45*x + 81. What is the remainder when k(2) is divided by 7?
3
Suppose 0 = -x + 2*x + 46. Let h be (1 + 3)*(-7)/((-196)/(-301)). Let f = h - x. Calculate the remainder when 23 is divided by f.
2
Let a(q) = 2*q + 24. Let d(f) = f + 2. Let l(y) = -a(y) + 3*d(y). Calculate the remainder when 58 is divided by l(26).
2
Let r(i) = 846*i + 28. Let j be r(-1). Let f = j - -1292. What is the remainder when f is divided by 19?
18
Let b(p) = -p**3 - 11*p**2 + 476*p + 3. Calculate the remainder when b(-28) is divided by -2 - (1*-2 - 1).
0
Let j(o) = -19*o + 249. Calculate the remainder when j(10) is divided by 16 + 0/(-1 - 2) - -4.
19
Let m = -93157 - -93284. What is the remainder when m is divided by (-74)/(-14) + 4/(-14)?
2
Let c = -679 + 731. Suppose -279 = -c*j + 21*j. Suppose 2*m - m + 66 = 3*b, -3*m - 9 = 0. Calculate the remainder when b is divided by j.
3
Suppose -4*q + 5*r = -774, -172*r + 386 = 2*q - 174*r. Calculate the remainder when q is divided by 114.
77
Let a be (-5 + -2 + 4)*-1. Calculate the remainder when 1228/a + (-6)/18 is divided by 82.
81
Let w = 2091 - 2069. What is the remainder when 744 is divided by w?
18
Let p = -294 + 343. Let o = -40 + 72. Calculate the remainder when p is divided by o.
17
Let y = 298 - 348. What is the remainder when 8 is divided by ((-30)/y)/((-3)/(-30))?
2
Suppose 761*v - 792*v = -3596. What is the remainder when v is divided by 51?
14
Let h = 87 + -88. Let b = h - -115. Suppose -3*m + b = -j, 3*m - 4*j - 66 = m. Calculate the remainder when m is divided by 14.
11
Let l(z) = z**3 - 42*z**2 - 21*z + 1018. What is the remainder when l(42) is divided by 28?
24
Let v = 13 + 5. Suppose -f - 2*p = 2*p - 225, -1077 = -5*f - 4*p. Calculate the remainder when f is divided by v.
15
Let k be (12/9)/(-2) - (-534)/(-9). Let v = -57 - k. Suppose 0 = -v*d + 21 + 90. What is the remainder when d is divided by 13?
11
Suppose 1390 = 2*b + 7*u, 2*b - 516 = -2*u + 884. What is the remainder when b is divided by 676?
26
Suppose -4*y + 2*g = -4200, g + 342 + 705 = y. Calculate the remainder when y is divided by 96.
93
Suppose -9*t = -5*t - 0*t - 204. Let s = -28 - -47. What is the remainder when t is divided by s?
13
Suppose 0 = -f - 10 - 2. Calculate the remainder when ((-4)/f*0)/1 - -110 is divided by 14.
12
Suppose 210 = 5*t - 4*v, -78 = -4*t + 2*v + 84. Let w = -16 + t. Calculate the remainder when w is divided by -18 + 12 + 77/7.
2
Suppose -5*s + 112 = 2*k, 7*s = -k + 4*s + 54. Calculate the remainder when 159 is divided by k.
27
Suppose w = -3*c + 720, -4*c = 4*w - 2687 - 209. What is the remainder when 161 is divided by ((-1)/2)/((-11)/w)?
29
Suppose 5*o - 259 = 2*y, 2*o + 0*o = 2*y + 268. Let h = -123 - y. Suppose 6*p - 240 = -h*p. Calculate the remainder when 34 is divided by p.
10
Calculate the remainder when ((-246)/8)/((-1)/(-4))*(-130 + 127) is divided by 54.
45
Calculate the remainder when 4925 is divided by (22/3)/(1*(-1)/(-21)).
151
Let s = 1164 - 1146. What is the remainder when s is divided by 9?
0
Let m = -1450 + 1460. Suppose b = -b + 76. Calculate the remainder when m is divided 